8, what is -6105 - -36?
-6047
In base 12, what is 5b + 1882?
1921
In base 10, what is 4 - 11291?
-11287
In base 8, what is 164 - -2450?
2634
In base 14, what is 3248 - 2d?
3219
In base 5, what is 1031333224 + -4?
1031333220
In base 9, what is -2438 + 8?
-2430
In base 13, what is 1 - 188c?
-188b
In base 5, what is -1130021 + 140?
-1124331
In base 9, what is 4 - -17607?
17612
In base 13, what is -3 + 439a2?
4399c
In base 4, what is -21002111113 + -2?
-21002111121
In base 12, what is -5 - -256b8?
256b3
In base 10, what is -28 - 79460?
-79488
In base 12, what is -66 + -373?
-419
In base 11, what is 98 - -104?
1a1
In base 14, what is -c5 + -158?
-23d
In base 14, what is ccc + 4?
cd2
In base 4, what is 21031030 - 20?
21031010
In base 6, what is 4 - -45155352?
45155400
In base 2, what is 11001100011 + -10001?
11001010010
In base 16, what is -4 - 3378?
-337c
In base 7, what is 3362 - -42?
3434
In base 3, what is -100111110 - 100002?
-100211112
In base 6, what is -12304 - 21?
-12325
In base 13, what is -3 + 13c8?
13c5
In base 10, what is -103840 - 5?
-103845
In base 14, what is 353 + 3?
356
In base 9, what is -10671 - 23?
-10704
In base 15, what is -55 + -b20?
-b75
In base 5, what is -43412020 + 10?
-43412010
In base 14, what is -14 + -554?
-568
In base 2, what is -101100001010110 + -10?
-101100001011000
In base 4, what is 320301220 + -10?
320301210
In base 7, what is -15 - 20223?
-20241
In base 4, what is -21311031313 - 2?
-21311031321
In base 3, what is -2222110102211 + 12?
-2222110102122
In base 10, what is -55 + -1586?
-1641
In base 10, what is 60804 + -5?
60799
In base 4, what is -10000033 + -300?
-10000333
In base 2, what is 0 - 1001010101010?
-1001010101010
In base 3, what is -1 - -1101002001102?
1101002001101
In base 7, what is -2 - 121123?
-121125
In base 11, what is 0 - 120239?
-120239
In base 9, what is -27721 - 33?
-27754
In base 10, what is 1164 + 5?
1169
In base 6, what is -5341 - -5102?
-235
In base 7, what is -264160 - 320?
-264510
In base 16, what is -18 + 20193?
2017b
In base 2, what is 10110110101111 + 101100?
10110111011011
In base 7, what is -31 - -10433?
10402
In base 15, what is -4 - 106c97?
-106c9b
In base 15, what is -39 + 125?
db
In base 3, what is -10022200 - 21021?
-10120221
In base 6, what is 3044 + -532?
2112
In base 3, what is -122000 + 201?
-121022
In base 12, what is -17 + -7b5?
-810
In base 9, what is 3 + -2240110?
-2240106
In base 14, what is 4 - -23b7?
23bb
In base 9, what is -2713 - -46?
-2656
In base 13, what is 12 + 639?
64b
In base 4, what is -2230130112 + -1?
-2230130113
In base 12, what is -10212 + -10?
-10222
In base 4, what is 10 - -1010303203?
1010303213
In base 13, what is -1bc + 960?
771
In base 7, what is -4 - -53612?
53605
In base 13, what is 36c7 + -132?
3595
In base 4, what is -1100122 + -10?
-1100132
In base 5, what is -2111214403 + 10?
-2111214343
In base 10, what is 236 + -34?
202
In base 3, what is 201112010 + 11?
201112021
In base 6, what is 2 + 3300542?
3300544
In base 7, what is 12541 - 425?
12113
In base 2, what is 10101111101110111 - 0?
10101111101110111
In base 13, what is 2 + a5c0?
a5c2
In base 15, what is -47 + 29?
-1d
In base 9, what is 41855 + -8?
41846
In base 9, what is 1052 - -232?
1284
In base 15, what is c547e - 2?
c547c
In base 12, what is -4 + 5b985?
5b981
In base 11, what is 2a + -1904?
-1885
In base 8, what is 5 - -7147?
7154
In base 2, what is -100011101000 + -1010101100?
-101110010100
In base 11, what is 161 - -2636?
2797
In base 10, what is -13150267 - 3?
-13150270
In base 7, what is 151 - -112431?
112612
In base 7, what is 115 + 11461?
11606
In base 5, what is -133424 + 144?
-133230
In base 14, what is -4 - -a574?
a570
In base 2, what is -1000100001111 + 101?
-1000100001010
In base 14, what is c646 + 5?
c64b
In base 7, what is -3 - 111644?
-111650
In base 13, what is -9baa + 10?
-9b9a
In base 13, what is 718a - c?
717b
In base 14, what is -5 + -57c?
-583
In base 13, what is 88683 + 6?
88689
In base 8, what is 6175 - -12?
6207
In base 10, what is -280954 - 1?
-280955
In base 13, what is 5 - -11cb?
1203
In base 3, what is 1 - -201122011?
201122012
In base 13, what is 1 - -2354?
2355
In base 7, what is 32 - -12462?
12524
In base 2, what is -111010001000 - 100?
-111010001100
In base 11, what is -2 - 12882?
-12884
In base 5, what is 1340 + -2111?
-221
In base 12, what is 11a + 2429?
2547
In base 12, what is 2014 + 101?
2115
In base 7, what is -1 - 14402012?
-14402013
In base 3, what is -11202 + -112000220?
-112012122
In base 8, what is 33100 - 2?
33076
In base 9, what is 647 + -107?
540
In base 14, what is 157ac - -d?
157bb
In base 11, what is -14aa2 + 24?
-14a79
In base 2, what is -101100011 + -1010110?
-110111001
In base 8, what is 4327 + 12?
4341
In base 11, what is -18 - 2641?
-2659
In base 11, what is a2 - -2234?
2326
In base 15, what is -e242a + -1?
-e242b
In base 3, what is -102 - -12211212?
12211110
In base 7, what is 466234 - 1?
466233
In base 15, what is -1c - dbc?
-dd9
In base 11, what is 1444 + -222?
1222
In base 8, what is -3 + 714072?
714067
In base 7, what is -522 - 1256?
-2111
In base 3, what is 10 + -21010?
-21000
In base 9, what is 87710 - 0?
87710
In base 12, what is 16611 + -16?
165b7
In base 2, what is -100 + 10000010000011111111?
10000010000011111011
In base 10, what is -1 + -418893?
-418894
In base 16, what is 8 - -3091?
3099
In base 15, what is -5 + -31ac?
-31b2
In base 8, what is 4 - -40252?
40256
In base 2, what is 1000101100 - 100010100?
100011000
In base 16, what is -3 + -1c6b?
-1c6e
In base 14, what is 0 + 3084?
3084
In base 15, what is 943a - -b1?
94eb
In base 13, what is -87a - -76c?
-10b
In base 2, what is 101010001 + -100001?
100110000
In base 5, what is -2104004 + 4?
-2104000
In base 2, what is 11110110000 - 11100100010?
10001110
In base 9, what is -36 + 6406?
6360
In base 11, what is 14 - 706?
-6a2
In base 14, what is 7ca9 - -5?
7cb0
In base 7, what is 230506 - -12?
230521
In base 16, what is 13c + -c23?
-ae7
In base 14, what is 345 + -ca?
259
In base 15, what is -2c - -4e0?
4b3
In base 2, what is 101 + -100100001100110?
-100100001100001
In base 9, what is -47 - -2086?
2038
In base 4, what is 0 - 3212232?
-3212232
In base 13, what is -3 + 3b1?
3ab
In base 9, what is 36 - 107445?
-107408
In base 16, what is -2 - 5972?
-5974
In base 2, what is -10011010001010110101010 + -10?
-10011010001010110101100
In base 12, what is -23 + -a172?
-a195
In base 16, what is -ec1 + 11?
-eb0
In base 12, what is -197 + 36?
-161
In base 15, what is -eb9 - 40?
-1009
In base 11, what is 3 - -5a145?
5a148
In base 15, what is 59021 - -b?
5902c
In base 10, what is 3613 - -25?
3638
In base 14, what is 3 + -54dd?
-54da
In base 2, what is 101000010 + 10001011?
111001101
In base 11, what is -69 + -19?
-87
In base 6, what is 23 + 40045?
40112
In base 16, what is 2cff - -4e?
2d4d
In base 3, what is -112111111102111 + 10?
-112111111102101
In base 2, what is 101110 + 101001010101?
101010000011
In base 14, what is -290 - 68b?
-93b
In base 15, what is 205 + 32?
237
In base 9, what is -230275 + -58?
-230344
In base 16, what is -1e8 + -ac?
-294
In base 7, what is 6406 - -41?
6450
In base 14, what is -36a620 + 4?
-36a61a
In base 8, what is 0 - 67206?
-67206
In base 11, what is 288959 - -4?
288962
In base 9, what is 170 - -381?
561
In base 13, what is -111992 + 0?
-111992
In base 11, what is -3205 - -a?
-31a6
In base 7, what is 615 + 115?
1033
In base 2, what is 110111101000 + 101111?
111000010111
In base 4, what is 303302123 - 31?
303302032
In base 10, what is 1000276 + 2?
1000278
In base 4, what is 220130 + -1022?
213102
In base 13, what is 1620 - 84?
1569
In base 10, what is 0 - -35531?
35531
In base 9, what is 178437 - 2?
178435
In base 10, what is -5708 - -612?
-5096
In base 12, what is 13 + a22?
a35
In base 11, what is 6 - 117083?
-117078
In base 13, what is -c3333 + -8?
-c333b
In base 7, what is -231 - 1523?
-2054
In base 12, what is -1019 + 670?
-569
In base 11, what is 4 + 2974?
2978
In base 11, what is 1a6a1 + 1?
1a6a2
In base 15, what is -b85 - -5e?
-b26
In base 13, what is 1279 + -1a?
125c
In base 14, what is a72 - -45?
ab7
In base 4, what is 20130222 + 20?
20130302
In base 7, what is -4 + 205332?
205325
In base 9, what is -4211 - -118?
-4082
In base 9, what is 10 + -142